base 15, what is -63d9 + 4?
-63d5
In base 16, what is -15 + 8?
-d
In base 10, what is -2839 + 4?
-2835
In base 14, what is -124 + -4?
-128
In base 14, what is -5 + -642?
-647
In base 10, what is -11 - 1?
-12
In base 3, what is -1102202 + 11?
-1102121
In base 14, what is 11c0 - -3?
11c3
In base 8, what is -556 - -3?
-553
In base 6, what is 14 - -5?
23
In base 6, what is 100 - 2?
54
In base 14, what is -18c + 0?
-18c
In base 7, what is -21 + -116?
-140
In base 10, what is -4772 - 3?
-4775
In base 14, what is -2 - -864?
862
In base 5, what is -40430 + 10?
-40420
In base 9, what is -531 - 1?
-532
In base 3, what is -10212200 + -2?
-10212202
In base 15, what is -4 - 12?
-16
In base 2, what is -110111100 + 11?
-110111001
In base 11, what is -1 + -146?
-147
In base 13, what is -1 + -98?
-99
In base 10, what is -2533 - 1?
-2534
In base 7, what is -1 + -3425?
-3426
In base 6, what is 510 - 13?
453
In base 5, what is -2242 - 0?
-2242
In base 3, what is -2 - -1101?
1022
In base 15, what is 3983 + -1?
3982
In base 8, what is 43 + -3?
40
In base 12, what is -2a - -10?
-1a
In base 10, what is 114 + 120?
234
In base 15, what is -5 - 1185?
-118a
In base 15, what is -28d - 2?
-290
In base 5, what is 114 + 13?
132
In base 13, what is -a - 5?
-12
In base 4, what is -1130 + -23?
-1213
In base 9, what is -1465 + 5?
-1460
In base 3, what is 20210210 - 10?
20210200
In base 5, what is -334222 + -10?
-334232
In base 8, what is -5 + 50?
43
In base 7, what is 3 - -2230?
2233
In base 13, what is -1589 + -5?
-1591
In base 3, what is -10 - -10211?
10201
In base 8, what is -3 - 2445?
-2450
In base 14, what is 1 + -913?
-912
In base 3, what is 122 + -112?
10
In base 15, what is 4 + 184?
188
In base 10, what is -5 - -936?
931
In base 13, what is 13 - 419?
-406
In base 4, what is -21301 - 2?
-21303
In base 8, what is 26 + 1?
27
In base 10, what is -22 + -5?
-27
In base 7, what is 22 - 1?
21
In base 9, what is -5 + 4?
-1
In base 6, what is 2 - 0?
2
In base 9, what is 2262 - -2?
2264
In base 6, what is -3 + 2410?
2403
In base 15, what is -7 + -2a?
-32
In base 4, what is 10001 - 2?
3333
In base 10, what is -5 + 714?
709
In base 7, what is 422 - -2?
424
In base 12, what is -474 + -3?
-477
In base 12, what is -88b1 - 4?
-88b5
In base 15, what is -7 - -ce?
c7
In base 13, what is -15c - 1?
-160
In base 7, what is 33 + 63?
126
In base 2, what is 100 + 101111?
110011
In base 6, what is -11 - -2215?
2204
In base 7, what is 3 + 306?
312
In base 16, what is -27 - f4?
-11b
In base 7, what is 3 + 5051?
5054
In base 12, what is -3 - 3057?
-305a
In base 9, what is -2 + -60?
-62
In base 15, what is 3c - 7e?
-42
In base 3, what is 100211 + 1?
100212
In base 3, what is 11 - -201101?
201112
In base 16, what is -2f4f - 3?
-2f52
In base 13, what is -18 + -3c?
-57
In base 6, what is -2 + 205?
203
In base 12, what is -2033 - -1?
-2032
In base 11, what is -35 - -3?
-32
In base 2, what is 110 - -1100?
10010
In base 11, what is -13a + 0?
-13a
In base 12, what is -4 - -36?
32
In base 2, what is -10010000 - 1?
-10010001
In base 13, what is 4 - 1c?
-18
In base 12, what is 56 - 65?
-b
In base 6, what is -2 - 12304?
-12310
In base 4, what is 211203 - -1?
211210
In base 9, what is 1071 - 5?
1065
In base 11, what is -412 - 3?
-415
In base 10, what is -3224 + 0?
-3224
In base 11, what is 163 - 3?
160
In base 12, what is 118 - -69?
185
In base 16, what is -25 + 1c?
-9
In base 3, what is 10220 - -2?
10222
In base 3, what is -1211 + 12?
-1122
In base 3, what is 0 - 110?
-110
In base 7, what is 24 - 365?
-341
In base 5, what is -3030 + -1?
-3031
In base 4, what is 3 - -131132?
131201
In base 4, what is 131 + -11?
120
In base 8, what is -23 - -54?
31
In base 10, what is 46 - -40?
86
In base 3, what is 120212 + 2?
120221
In base 14, what is 111 - -8?
119
In base 16, what is -253 + 2?
-251
In base 5, what is 242 - -222?
1014
In base 3, what is -10112 - 0?
-10112
In base 2, what is -10100110110 - 1?
-10100110111
In base 16, what is 0 + f81?
f81
In base 10, what is -179 + 8?
-171
In base 5, what is 14142 + 23?
14220
In base 3, what is 1102 - 0?
1102
In base 13, what is 15 + -10?
5
In base 7, what is -1242 + -2?
-1244
In base 2, what is 101111 + -10100111?
-1111000
In base 12, what is 3 + -36?
-33
In base 14, what is -163b + -5?
-1642
In base 14, what is 2 + 18?
1a
In base 14, what is 1 + 28?
29
In base 16, what is -afa - 4?
-afe
In base 13, what is 5 - -67?
6c
In base 11, what is -30 - -4?
-27
In base 13, what is 1 - -187?
188
In base 12, what is 3 - -52?
55
In base 8, what is -2 - -115?
113
In base 11, what is 0 - -a9?
a9
In base 13, what is -59c + -5?
-5a4
In base 10, what is -3 + -44?
-47
In base 4, what is 3022 - -2?
3030
In base 12, what is 6b + -1?
6a
In base 9, what is 8160 + -3?
8156
In base 11, what is 0 - 137?
-137
In base 3, what is -1212 - 1200?
-10112
In base 3, what is -11 - -11112122?
11112111
In base 11, what is -462 + -3?
-465
In base 5, what is -333 - 102?
-440
In base 8, what is 3052 - 2?
3050
In base 15, what is 51 + -2?
4e
In base 4, what is 100 - 113?
-13
In base 3, what is -1100 - 11001?
-12101
In base 9, what is -10 + 16?
6
In base 4, what is -2 + 213112?
213110
In base 8, what is -24220 + -4?
-24224
In base 6, what is 0 + -141?
-141
In base 15, what is -4 - 75?
-79
In base 8, what is 6 + 533?
541
In base 16, what is 3 + 13d?
140
In base 16, what is -53f - 2?
-541
In base 15, what is -3c4 + 0?
-3c4
In base 16, what is -8 - -f?
7
In base 10, what is -8 - 36?
-44
In base 9, what is -1 - -1?
0
In base 2, what is 100 - -110000?
110100
In base 8, what is -17 + 1643?
1624
In base 5, what is -3342 - -10?
-3332
In base 12, what is 34 + -27?
9
In base 6, what is -1121 + 24?
-1053
In base 9, what is 668 - 5?
663
In base 2, what is 101010010100 + -11?
101010010001
In base 2, what is 10 - -1001001110?
1001010000
In base 12, what is 3 - 3?
0
In base 6, what is 25 - -214?
243
In base 10, what is -7 - 721?
-728
In base 13, what is -7 - -7?
0
In base 13, what is 1 - 7a?
-79
In base 3, what is 20 + -11121?
-11101
In base 5, what is -442 - 0?
-442
In base 5, what is 10 + 23?
33
In base 3, what is -111112 + -2?
-111121
In base 14, what is 4 - 39?
-35
In base 6, what is -1 - 115?
-120
In base 12, what is 1b + -a?
11
In base 2, what is 1010011100001 + 0?
1010011100001
In base 9, what is 142 - 0?
142
In base 11, what is 2 - 33aa?
-33a8
In base 8, what is 4 - 5251?
-5245
In base 7, what is -3 - -43?
40
In base 12, what is -251 - -26?
-227
In base 5, what is -142 + 112?
-30
In base 8, what is -1553 - 3?
-1556
In base 5, what is -2 - 121332?
-121334
In base 13, what is 0 - 10?
-10
In base 15, what is -b - 15?
-21
In base 10, what is -14 + 116?
102
In base 4, what is 33 + 22?
121
In base 16, what is -9a9 + 3?
-9a6
In base 9, what is -124284 + 0?
-124284
In base 9, what is -101 + 4?
-86
In base 7, what is 5 - 41?
-33
In base 8, what is -227 - 0?
-227
In base 5, what is 33 - -21?
104
In base 14, what is 137 + 7?
140
In base 2, what is -10001011 - -100?
-10000111
In base 12, what is -45 - 10?
-55
In base 16, what is -aa9 - -2?
-aa7
In base 4, what is 11300 - 0?
11300
In base 9, what is 4101 - -2?
4103
In base 15, what is 15 - -9?
1e
In base 5, what is -10334 + 1?
-10333
In base 9, what is 127 - 0?
127
In base 8, what is -5 - 220?
-225
In base 14, what is -8bc + 4?
-8b8
In base 6, what is -5 - 3400?
-3405
In base 10, what is 77 + -181?
-104
In base 14, what is -8778 + -5?
-877d
In base 13, what is 10 + -b?
2
In base 6, what is -125203 - 5?
-125212
In base 14, what is 19 - -23?
3c
In base 15, what is -a17 + 2?
-a15
In base 5, what is 1114 + -144?
420
In base 6, what is -301 - 3?
-304
In base 13, what is 0 + -77b?
-77b
In base 11, what is a + 43?
52
In base 14, what is -17 + -c?
-25
In base 16, what is 27 - b?
1c
In base 12, what is 4 + -169?
-165
In base 11, what is -1a51 + -2?
-1a53
In base 14, what is -35 - -13?
-22
In base 14, what is -50 + -34?
-84
In base 6, what is 0 + 431?
431
In base 8, what is -5 + 17?
12
In base 4, what is 1031 + -1?
1030
In base 8, what is -475 - -3?
-472
In base 2, what is -1 + 1011?
1010
In base 5, what is -41341 + 10?
-41331
In base 3, what is 100 + 100020?
100120
In base 14, what is -82 - -4?
-7c
In base 4, what is 3012 + 3?
3021
In base 11, what is 0 + 58?
58
In base 3, what is 1211 - 20?
